{"id":3,"date":"2024-02-27T13:20:08","date_gmt":"2024-02-27T12:20:08","guid":{"rendered":"https:\/\/limpiezassalceda.es\/?page_id=3"},"modified":"2024-03-01T13:43:16","modified_gmt":"2024-03-01T12:43:16","slug":"politica-privacidad","status":"publish","type":"page","link":"https:\/\/limpiezassalceda.es\/?page_id=3","title":{"rendered":"Pol\u00edtica de privacidad"},"content":{"rendered":"\n<h1 class=\"wp-block-heading\">Pol\u00edtica de Privacidad de Limpiezas Salceda en Salceda de Caselas<\/h1>\n\n\n\n<p id=\"politicaPrivac\"><strong>POL\u00cdTICA DE PRIVACIDAD<\/strong><\/p>\n\n\n\n<p id=\"respoTratam\"><strong>1. RESPONSABLE DEL TRATAMIENTO<\/strong><\/p>\n\n\n\n<p>El Responsable del Tratamiento se corresponde con el del titular de este sitio web, cuyos datos completos figuran en el aviso legal.<\/p>\n\n\n\n<p id=\"datosTratados\"><strong>2. DATOS TRATADOS, FINALIDADES Y PLAZOS DE CONSERVACI\u00d3N<\/strong><\/p>\n\n\n\n<p>2.1&nbsp;Datos tratados: A los efectos de la solicitud de informaci\u00f3n, contacto, cita o la suscripci\u00f3n de nuestros boletines y newsletter, se deber\u00e1n facilitar unos datos a trav\u00e9s de la cumplimentaci\u00f3n del formulario dispuesto a tal efecto, en el que se indicar\u00e1 cu\u00e1les de ellos tienen el car\u00e1cter de obligatorio.<\/p>\n\n\n\n<p>Durante la navegaci\u00f3n obtenemos datos que nos aportan informaci\u00f3n sobre usabilidad y preferencias de los usuarios, seg\u00fan los t\u00e9rminos y condiciones que se prev\u00e9n expresamente en el apartado de cookies.<\/p>\n\n\n\n<p>2.2&nbsp;Finalidades: Las finalidades ser\u00e1n las siguientes<\/p>\n\n\n\n<ul class=\"wp-block-list\">\n<li>1. Contacto: El correo electr\u00f3nico o el tel\u00e9fono facilitado para el contacto, ser\u00e1n utilizados para una efectiva contestaci\u00f3n a las cuestiones planteadas.<\/li>\n\n\n\n<li>2. Boletines o newsletters: El correo electr\u00f3nico, el cual deber\u00e1 ser verificado por el usuario, u otros similares, como pueda ser el tel\u00e9fono, ser\u00e1n utilizados para la remisi\u00f3n de los boletines o newsletters, de acuerdo a sus intereses.<\/li>\n<\/ul>\n\n\n\n<p>2.3&nbsp;Conservaci\u00f3n. El plazo de conservaci\u00f3n ser\u00e1 el siguiente<\/p>\n\n\n\n<ul class=\"wp-block-list\">\n<li>1. Contacto: Los datos ser\u00e1n borrados una vez se haya dado curso y respondido a la cuesti\u00f3n planteada por el usuario.<\/li>\n\n\n\n<li>2. Boletines o newsletters: Los datos ser\u00e1n tratados, desde que el usuario preste su consentimiento hasta la retirada del mismo, el cual podr\u00e1 otorgarse cuantas veces quiera. En cada comunicaci\u00f3n, el usuario encontrar\u00e1 un procedimiento gratuito y accesible para gestionarlo.<\/li>\n<\/ul>\n\n\n\n<p id=\"legitTratam\"><strong>3. LEGITIMACI\u00d3N DEL TRATAMIENTO<\/strong><\/p>\n\n\n\n<p>La base legal para el tratamiento de los datos facilitados ser\u00e1 el consentimiento otorgado por el usuario mediante la cumplimentaci\u00f3n del formulario y; (ii) la satisfacci\u00f3n de los intereses leg\u00edtimos del Responsable del Tratamiento.<\/p>\n\n\n\n<p id=\"destinatCesiones\"><strong>4. DESTINATARIOS Y CESIONES<\/strong><\/p>\n\n\n\n<p>No se realizar\u00e1n cesiones ni comunicaciones de datos, salvo las expresamente previstas por ley.<\/p>\n\n\n\n<p>No se encuentran previstas las transferencias internacionales de datos y los proveedores de servicios se encuentran en el Espacio Econ\u00f3mico Europeo.<\/p>\n\n\n\n<p id=\"ejercDerechos\"><strong>5. EJERCICIO DE DERECHOS<\/strong><\/p>\n\n\n\n<p>Cualquier persona tiene derecho a obtener confirmaci\u00f3n acerca de si se est\u00e1 procediendo al tratamiento de datos personales que les conciernan, o no. Las personas interesadas tienen derecho a si acceder a sus datos personales, as\u00ed como a solicitar la rectificaci\u00f3n de los datos inexactos o, en su caso, solicitar su supresi\u00f3n cuando, entre otros motivos, los datos ya no sean necesarios para los fines que fueron recogidos.<\/p>\n\n\n\n<p>En determinadas circunstancias, los interesados podr\u00e1n solicitar la limitaci\u00f3n del tratamiento de sus datos u oponerse al tratamiento de los mismos, en cuyo caso \u00fanicamente los conservaremos para el ejercicio o la defensa de reclamaciones.<\/p>\n\n\n\n<p>Para ello, los usuarios podr\u00e1n dirigir una comunicaci\u00f3n por escrito a la direcci\u00f3n fiscal o direcci\u00f3n de correo electr\u00f3nico que figuran en el&nbsp;<a href=\"https:\/\/www.limpiezassalceda.com\/aviso-legal.aspx#datosIdentif\"><u><strong>Aviso legal<\/strong><\/u><\/a>, incluyendo en ambos casos una fotocopia del documento nacional de identidad o documentaci\u00f3n acreditativa equivalente.<\/p>\n\n\n\n<p>En caso de que desea ejercer el derecho de portabilidad, se facilitar\u00e1 esos datos al nuevo Responsable.<\/p>\n\n\n\n<p id=\"usoCookies\"><strong>POL\u00cdTICA DE COOKIES<\/strong><\/p>\n\n\n\n<p><strong>\u00bfQu\u00e9 es una cookie?<\/strong><\/p>\n\n\n\n<p>Las cookies son peque\u00f1os archivos de texto generados por las p\u00e1ginas web que visitas, las cuales contienen los datos de sesi\u00f3n que pueden ser de utilidad m\u00e1s adelante en la p\u00e1gina web. Los datos permiten que la p\u00e1gina web pueda mantener su informaci\u00f3n entre las p\u00e1ginas, y tambi\u00e9n para analizar la forma de interactuar con el sitio.<\/p>\n\n\n\n<p>Las cookies son seguras ya que s\u00f3lo pueden almacenar la informaci\u00f3n que se puso en su lugar por el navegador, lo que es informaci\u00f3n que el usuario ha introducido en el navegador o la que se incluye en la solicitud de p\u00e1gina. No pueden ejecutar c\u00f3digo y no se pueden utilizar para acceder a tu ordenador.<\/p>\n\n\n\n<p>Las cookies son esenciales para el funcionamiento de internet, aportando innumerables ventajas en la prestaci\u00f3n de servicios interactivos, facilit\u00e1ndole la navegaci\u00f3n y usabilidad de la web. Las cookies no pueden da\u00f1ar su equipo, no pueden ejecutar c\u00f3digo y no se pueden utilizar para acceder a tu ordenador, y que est\u00e9n activadas ayuda a identificar y resolver los errores.<\/p>\n\n\n\n<p>Algunos servicios pueden utilizar conectores a redes sociales (plugins sociales) tales como Facebook, Twitter, etc. En este caso, debes consultar la pol\u00edtica de cookie de estas redes sociales, toda vez que al utilizar el registro social est\u00e1s autorizando a la red social a almacenar las mismas.<\/p>\n\n\n\n<p><strong>\u00bfQu\u00e9 tipos de cookies existen?<\/strong><\/p>\n\n\n\n<p>A continuaci\u00f3n, proporcionamos m\u00e1s informaci\u00f3n para que se entiendan mejor los diferentes tipos de cookies que pueden ser utilizados:<\/p>\n\n\n\n<p>&#8211; En funci\u00f3n de la caducidad:<\/p>\n\n\n\n<ul class=\"wp-block-list\">\n<li>Cookies de sesi\u00f3n: son cookies temporales que permanecen en el archivo de cookies del navegador hasta que se abandona la p\u00e1gina web. Se suele emplear para analizar pautas de tr\u00e1fico en la web. A la larga, esto permite proporcionar una mejor experiencia para mejorar el contenido y facilitar su uso.<\/li>\n\n\n\n<li>Cookies permanentes: son almacenadas en el terminal y la p\u00e1gina web las lee cada vez que se realiza una nueva visita. A pesar de su nombre, una web permanente posee una fecha de expiraci\u00f3n determinada. La cookie dejar\u00e1 de funcionar despu\u00e9s de esa fecha que puede ir de unos minutos a varios a\u00f1os. Se utilizan, generalmente, para facilitar los diferentes servicios que ofrecen las p\u00e1ginas web.<\/li>\n<\/ul>\n\n\n\n<p>&#8211; En funci\u00f3n de qui\u00e9n las gestione:<\/p>\n\n\n\n<ul class=\"wp-block-list\">\n<li>Cookies propias: son las enviadas y gestionadas por un equipo o dominio del propio editor de la web que se est\u00e1 visitando.<\/li>\n\n\n\n<li>Cookies de terceros: son las enviadas y gestionadas por un tercero que no es el propio editor de la web, cuando proceden de otro servidor. Como por ejemplo, las usadas por redes sociales, o por contenido externo como Google Maps.<\/li>\n<\/ul>\n\n\n\n<p>&#8211; En funci\u00f3n de la finalidad para la que se traten los datos obtenidos a trav\u00e9s de las Cookies, podemos distinguir entre:<\/p>\n\n\n\n<ul class=\"wp-block-list\">\n<li>Cookies t\u00e9cnicas: permiten al usuario la navegaci\u00f3n a trav\u00e9s de una p\u00e1gina web y la utilizaci\u00f3n de las diferentes opciones o servicios que en ella existan como, por ejemplo, controlar el tr\u00e1fico, identificar la sesi\u00f3n del usuario, acceder a partes de acceso restringido, recordar los elementos que integran un pedido, realizar la solicitud de inscripci\u00f3n o participaci\u00f3n en un evento, utilizar elementos de seguridad durante la navegaci\u00f3n, almacenar contenidos para la difusi\u00f3n de videos o sonido o compartir contenidos a trav\u00e9s de redes sociales.<\/li>\n\n\n\n<li>Cookies anal\u00edticas an\u00f3nimas: ofrecen informaci\u00f3n desagregada, an\u00f3nima, que no permite identificar al usuario. Esta informaci\u00f3n tiene una finalidad puramente estad\u00edstica de uso, que nos permite la medici\u00f3n de la actividad del sitio y su usabilidad, tambi\u00e9n la aplicaci\u00f3n de mejoras de dise\u00f1o y velocidad.<\/li>\n\n\n\n<li>Cookies de marketing: se utilizan para realizar un seguimiento del usuario a trav\u00e9s de diferentes sitios web. Su finalidad es mostrar anuncios que sean relevantes para el usuario.<\/li>\n\n\n\n<li>Cookies anal\u00edticas: ayudan a los due\u00f1os de un sitio web a entender mejor c\u00f3mo sus visitantes interact\u00faan con el sitio a trav\u00e9s de la recogida y reporte de informaci\u00f3n de navegaci\u00f3n.<\/li>\n<\/ul>\n\n\n\n<p><strong>\u00bfQu\u00e9 Cookies utilizamos?<\/strong><\/p>\n\n\n\n<p>A continuaci\u00f3n informamos y te pedimos permiso para ejecutar las siguientes cookies propias o de servicios que nos prestan complementos de terceros. La mayor\u00eda de navegadores generalmente te permitir\u00e1n cambiar las caracter\u00edsticas de tu navegador para que \u00e9ste no acepte estas \u201ccookies\u201d, pero si realizas esta acci\u00f3n, por favor ten en cuenta que el sitio web o algunas partes del sitio web no funcionar\u00e1n correctamente.<\/p>\n\n\n\n<p>a) Cookies propias<\/p>\n\n\n\n<p>&#8211; Idioma, pglang: para gesti\u00f3n del idioma.<\/p>\n\n\n\n<p>&#8211; pgc_ads, pgc_analytics, pgc_mandatory, pgc_status: para controlar la aceptaci\u00f3n de cookies por parte del usuario.<\/p>\n\n\n\n<p>&#8211; v__uniq: para gesti\u00f3n de anal\u00edticas propias.<\/p>\n\n\n\n<p>&#8211; pgresponsive: Con esta cookie gestionamos la versi\u00f3n responsive del sitio web.<\/p>\n\n\n\n<p>&#8211; ASP.NET_SessionId: Esta cookie es usada para establecer la sesi\u00f3n del usuario que visita la web.<\/p>\n\n\n\n<p>&#8211; visita: Para contabilizar las visitas a la web.<\/p>\n\n\n\n<p>&#8211; idiomaPpalId, idiomaTienda, googtrans: Para administrar correctamente el idioma de la tienda.<\/p>\n\n\n\n<p>&#8211; pedido, formaEnvioPedido , usuario, carrito, datosComprador, mailPedidoRealizado, estadoTienda, fechasTareaCatalogo: Cookies empleadas para gestionar los pedidos, el carrito de la compra y el usuario que hace el pedido.<\/p>\n\n\n\n<p>b) Cookies de Google<\/p>\n\n\n\n<p>&#8211; _utma, _utmb, _utmt, _utmz: Estas cookies se corresponden al servicio de anal\u00edtica web denominado Google Analytics, que permite obtener informaci\u00f3n sobre el uso que los usuarios hacen del sitio web.<\/p>\n\n\n\n<p>&#8211; PREF, NID, GAPS, GoogleAccountsLocale_session, AID, APISID, HID, HSID, SID, SAPISID, SSID, CONSENT, TAID, PAIDCONTENT: Al iniciar sesi\u00f3n en una cuenta de Google se almacenan estas cookies en el ordenador con el fin de permanecer conectado a su cuenta de Google al visitar sus servicios de nuevo. Mientras permanezca con esta sesi\u00f3n activa y use complementos en otros sitios web como el nuestro, Google har\u00e1 uso de estas cookies para mejorar su experiencia de uso. Es habitual que aparezcan al emplear mapas de Google. Para informaci\u00f3n mas detallada y ver el plazo de conservaci\u00f3n de cookies, consulte los&nbsp;<a href=\"http:\/\/www.pgredir.es\/10.asp\" target=\"_blank\" rel=\"noreferrer noopener\">Tipos de cookies que utiliza Google.<\/a><\/p>\n\n\n\n<p>c) Twitter<\/p>\n\n\n\n<p>&#8211; __utma, __utmb, __utmt, __utmv, __utmz, external_referer, H, eu_cn, _twitter_sess, _gat, _ga, _remember_checked_on, remember_checked, twll, guest_id, metrics_token, lang: nuestro sitio incluye un complemento para mostrar la actividad de nuestro perfil en Twitter y realizar publicaciones en \u00e9l. Por lo tanto, Twitter ajusta autom\u00e1ticamente sus propias cookies. Para informaci\u00f3n mas detallada y ver el plazo de conservaci\u00f3n de cookies, consulte la&nbsp;<a href=\"http:\/\/www.pgredir.es\/11.asp\" target=\"_blank\" rel=\"noreferrer noopener\">pol\u00edtica de privacidad de Twitter<\/a>.<\/p>\n\n\n\n<p>d) Youtube<\/p>\n\n\n\n<p>&#8211; GALX, LSID, RMME, YSC, CAL, dkv, _ga, _gat, GEUP, VISITOR_INFO1_LIVE: Algunas p\u00e1ginas de nuestro sitio web pueden incluir videos de YouTube, un servicio proporcionado tambi\u00e9n por Google. Para utilizarlo Google env\u00eda cookies como adem\u00e1s de las cookies que pueda emplear Google si accede autentificado con un perfil registrado de Google, con la finalidad de calcular el ancho de banda necesario, las veces que se visualiza un video, etc. Para informaci\u00f3n mas detallada y ver el plazo de conservaci\u00f3n de cookies, consulte los&nbsp;<a href=\"http:\/\/www.pgredir.es\/10.asp\" target=\"_blank\" rel=\"noreferrer noopener\">Tipos de cookies que utiliza Google<\/a>.<\/p>\n\n\n\n<p>e) Facebook\/Instagram<\/p>\n\n\n\n<p>&#8211; locale, datr, c_user, fr, x-src, xs, csm, s, pl, lu, p, presence, js_reg_fb_ref, js_reg_fb_gate, facebook _fbp, sb, wd, spin: Cookies empleadas por Facebook para gestionar c\u00f3mo comparten contenidos los usuarios con sesi\u00f3n iniciada, controlar los botones de me gusta, etc. Para informaci\u00f3n mas detallada y ver el plazo de conservaci\u00f3n de cookies, consulte la&nbsp;<a href=\"http:\/\/www.pgredir.es\/12.asp\" target=\"_blank\" rel=\"noreferrer noopener\">informaci\u00f3n sobre c\u00f3mo emplea Facebook sus cookies<\/a>.<\/p>\n\n\n\n<p><strong>\u00bfC\u00f3mo gestionar las cookies?<\/strong><\/p>\n\n\n\n<p>Puede gestionar las cookies de este sitio web mediante el panel de&nbsp;<strong>configuraci\u00f3n de cookies<\/strong>&nbsp;que se ha dispuesto para tal efecto.<\/p>\n\n\n\n<p><a href=\"javascript:PGCAPI().ShowCookieModal()\">Configurar uso de cookies<\/a><\/p>\n\n\n\n<p>Por otra parte, todos los navegadores de Internet permiten limitar el comportamiento de una cookie o desactivar las cookies dentro de la configuraci\u00f3n o las opciones del navegador. Los pasos para hacerlo son diferentes para cada navegador, pudi\u00e9ndose encontrar instrucciones en el men\u00fa de ayuda de tu navegador.<\/p>\n\n\n\n<p>Muchos navegadores permiten activar un modo privado mediante el cual las cookies se borran siempre despu\u00e9s de la visita. Dependiendo de cada navegador este modo privado, puede tener diferentes nombres. A continuaci\u00f3n se puede encontrar una lista de los navegadores m\u00e1s comunes con un enlace a la configuraci\u00f3n de cookies y los diferentes nombres de este \u00abmodo privado\u00bb:<\/p>\n\n\n\n<ul class=\"wp-block-list\">\n<li>Chrome, consulte:&nbsp;<a href=\"http:\/\/www.pgredir.es\/03.asp\" target=\"_blank\" rel=\"noreferrer noopener\">Administraci\u00f3n de cookies en Chrome<\/a><\/li>\n\n\n\n<li>Edge, consulte:&nbsp;<a href=\"http:\/\/www.pgredir.es\/04.asp\" target=\"_blank\" rel=\"noreferrer noopener\">Administraci\u00f3n de cookies en Edge<\/a><\/li>\n\n\n\n<li>Firefox, consulte:&nbsp;<a href=\"http:\/\/www.pgredir.es\/05.asp\" target=\"_blank\" rel=\"noreferrer noopener\">Administraci\u00f3n de cookies en Firefox<\/a><\/li>\n\n\n\n<li>Safari, consulte:&nbsp;<a href=\"http:\/\/www.pgredir.es\/06.asp\" target=\"_blank\" rel=\"noreferrer noopener\">Administraci\u00f3n de cookies en Safari<\/a><\/li>\n\n\n\n<li>Opera, consulte:&nbsp;<a href=\"http:\/\/www.pgredir.es\/07.asp\" target=\"_blank\" rel=\"noreferrer noopener\">Administraci\u00f3n de cookies en Opera<\/a><\/li>\n\n\n\n<li>Safari (iOS), consulte:&nbsp;<a href=\"http:\/\/www.pgredir.es\/08.asp\" target=\"_blank\" rel=\"noreferrer noopener\">Administraci\u00f3n de cookies en Safari (iOS)<\/a><\/li>\n\n\n\n<li>Chrome (Android) consulte:&nbsp;<a href=\"http:\/\/www.pgredir.es\/09.asp\" target=\"_blank\" rel=\"noreferrer noopener\">Administraci\u00f3n de cookies en Chrome (Android)<\/a><\/li>\n<\/ul>\n\n\n\n<p>Recuerde que para poder eliminar todas las cookies, incluyendo las cookies de terceros, debe seguir los pasos que se indican en&nbsp;<a href=\"http:\/\/www.pgredir.es\/21.asp\" target=\"_blank\" rel=\"noreferrer noopener\">este enlace<\/a>.<\/p>\n\n\n\n<p>En el caso de la no aceptaci\u00f3n de cookies se ejecutar\u00e1 un c\u00f3digo de Analytics restringido e irreversible, que realiza un examen de navegaci\u00f3n an\u00f3nima y que consigue no recolectar datos de car\u00e1cter personal.<\/p>\n","protected":false},"excerpt":{"rendered":"<p>Pol\u00edtica de Privacidad de Limpiezas Salceda en Salceda de Caselas POL\u00cdTICA DE PRIVACIDAD 1. RESPONSABLE DEL TRATAMIENTO El Responsable del Tratamiento se corresponde con el del titular de este sitio web, cuyos datos completos figuran en el aviso legal. 2. DATOS TRATADOS, FINALIDADES Y PLAZOS DE CONSERVACI\u00d3N 2.1&nbsp;Datos tratados: A los efectos de la solicitud [&hellip;]<\/p>\n","protected":false},"author":1,"featured_media":0,"parent":0,"menu_order":0,"comment_status":"closed","ping_status":"open","template":"","meta":{"footnotes":""},"class_list":["post-3","page","type-page","status-publish","hentry","post"],"yoast_head":"<!-- This site is optimized with the Yoast SEO plugin v27.3 - https:\/\/yoast.com\/product\/yoast-seo-wordpress\/ -->\n<title>Pol\u00edtica de privacidad - Limpiezas Salceda<\/title>\n<meta name=\"robots\" content=\"index, follow, max-snippet:-1, max-image-preview:large, max-video-preview:-1\" \/>\n<link rel=\"canonical\" href=\"https:\/\/limpiezassalceda.es\/?page_id=3\" \/>\n<meta property=\"og:locale\" content=\"es_ES\" \/>\n<meta property=\"og:type\" content=\"article\" \/>\n<meta property=\"og:title\" content=\"Pol\u00edtica de privacidad - Limpiezas Salceda\" \/>\n<meta property=\"og:description\" content=\"Pol\u00edtica de Privacidad de Limpiezas Salceda en Salceda de Caselas POL\u00cdTICA DE PRIVACIDAD 1. RESPONSABLE DEL TRATAMIENTO El Responsable del Tratamiento se corresponde con el del titular de este sitio web, cuyos datos completos figuran en el aviso legal. 2. DATOS TRATADOS, FINALIDADES Y PLAZOS DE CONSERVACI\u00d3N 2.1&nbsp;Datos tratados: A los efectos de la solicitud [&hellip;]\" \/>\n<meta property=\"og:url\" content=\"https:\/\/limpiezassalceda.es\/?page_id=3\" \/>\n<meta property=\"og:site_name\" content=\"Limpiezas Salceda\" \/>\n<meta property=\"article:modified_time\" content=\"2024-03-01T12:43:16+00:00\" \/>\n<meta name=\"twitter:card\" content=\"summary_large_image\" \/>\n<meta name=\"twitter:label1\" content=\"Tiempo de lectura\" \/>\n\t<meta name=\"twitter:data1\" content=\"9 minutos\" \/>\n<script type=\"application\/ld+json\" class=\"yoast-schema-graph\">{\"@context\":\"https:\\\/\\\/schema.org\",\"@graph\":[{\"@type\":\"WebPage\",\"@id\":\"https:\\\/\\\/limpiezassalceda.es\\\/?page_id=3\",\"url\":\"https:\\\/\\\/limpiezassalceda.es\\\/?page_id=3\",\"name\":\"Pol\u00edtica de privacidad - Limpiezas Salceda\",\"isPartOf\":{\"@id\":\"https:\\\/\\\/limpiezassalceda.es\\\/#website\"},\"datePublished\":\"2024-02-27T12:20:08+00:00\",\"dateModified\":\"2024-03-01T12:43:16+00:00\",\"breadcrumb\":{\"@id\":\"https:\\\/\\\/limpiezassalceda.es\\\/?page_id=3#breadcrumb\"},\"inLanguage\":\"es\",\"potentialAction\":[{\"@type\":\"ReadAction\",\"target\":[\"https:\\\/\\\/limpiezassalceda.es\\\/?page_id=3\"]}]},{\"@type\":\"BreadcrumbList\",\"@id\":\"https:\\\/\\\/limpiezassalceda.es\\\/?page_id=3#breadcrumb\",\"itemListElement\":[{\"@type\":\"ListItem\",\"position\":1,\"name\":\"Portada\",\"item\":\"https:\\\/\\\/limpiezassalceda.es\\\/\"},{\"@type\":\"ListItem\",\"position\":2,\"name\":\"Pol\u00edtica de privacidad\"}]},{\"@type\":\"WebSite\",\"@id\":\"https:\\\/\\\/limpiezassalceda.es\\\/#website\",\"url\":\"https:\\\/\\\/limpiezassalceda.es\\\/\",\"name\":\"LIMPIEZAS SALCEDA\",\"description\":\"\",\"publisher\":{\"@id\":\"https:\\\/\\\/limpiezassalceda.es\\\/#organization\"},\"potentialAction\":[{\"@type\":\"SearchAction\",\"target\":{\"@type\":\"EntryPoint\",\"urlTemplate\":\"https:\\\/\\\/limpiezassalceda.es\\\/?s={search_term_string}\"},\"query-input\":{\"@type\":\"PropertyValueSpecification\",\"valueRequired\":true,\"valueName\":\"search_term_string\"}}],\"inLanguage\":\"es\"},{\"@type\":\"Organization\",\"@id\":\"https:\\\/\\\/limpiezassalceda.es\\\/#organization\",\"name\":\"LIMPIEZAS SALCEDA\",\"url\":\"https:\\\/\\\/limpiezassalceda.es\\\/\",\"logo\":{\"@type\":\"ImageObject\",\"inLanguage\":\"es\",\"@id\":\"https:\\\/\\\/limpiezassalceda.es\\\/#\\\/schema\\\/logo\\\/image\\\/\",\"url\":\"https:\\\/\\\/limpiezassalceda.es\\\/wp-content\\\/uploads\\\/2024\\\/02\\\/Logo.png\",\"contentUrl\":\"https:\\\/\\\/limpiezassalceda.es\\\/wp-content\\\/uploads\\\/2024\\\/02\\\/Logo.png\",\"width\":650,\"height\":240,\"caption\":\"LIMPIEZAS SALCEDA\"},\"image\":{\"@id\":\"https:\\\/\\\/limpiezassalceda.es\\\/#\\\/schema\\\/logo\\\/image\\\/\"}}]}<\/script>\n<!-- \/ Yoast SEO plugin. -->","yoast_head_json":{"title":"Pol\u00edtica de privacidad - Limpiezas Salceda","robots":{"index":"index","follow":"follow","max-snippet":"max-snippet:-1","max-image-preview":"max-image-preview:large","max-video-preview":"max-video-preview:-1"},"canonical":"https:\/\/limpiezassalceda.es\/?page_id=3","og_locale":"es_ES","og_type":"article","og_title":"Pol\u00edtica de privacidad - Limpiezas Salceda","og_description":"Pol\u00edtica de Privacidad de Limpiezas Salceda en Salceda de Caselas POL\u00cdTICA DE PRIVACIDAD 1. RESPONSABLE DEL TRATAMIENTO El Responsable del Tratamiento se corresponde con el del titular de este sitio web, cuyos datos completos figuran en el aviso legal. 2. DATOS TRATADOS, FINALIDADES Y PLAZOS DE CONSERVACI\u00d3N 2.1&nbsp;Datos tratados: A los efectos de la solicitud [&hellip;]","og_url":"https:\/\/limpiezassalceda.es\/?page_id=3","og_site_name":"Limpiezas Salceda","article_modified_time":"2024-03-01T12:43:16+00:00","twitter_card":"summary_large_image","twitter_misc":{"Tiempo de lectura":"9 minutos"},"schema":{"@context":"https:\/\/schema.org","@graph":[{"@type":"WebPage","@id":"https:\/\/limpiezassalceda.es\/?page_id=3","url":"https:\/\/limpiezassalceda.es\/?page_id=3","name":"Pol\u00edtica de privacidad - Limpiezas Salceda","isPartOf":{"@id":"https:\/\/limpiezassalceda.es\/#website"},"datePublished":"2024-02-27T12:20:08+00:00","dateModified":"2024-03-01T12:43:16+00:00","breadcrumb":{"@id":"https:\/\/limpiezassalceda.es\/?page_id=3#breadcrumb"},"inLanguage":"es","potentialAction":[{"@type":"ReadAction","target":["https:\/\/limpiezassalceda.es\/?page_id=3"]}]},{"@type":"BreadcrumbList","@id":"https:\/\/limpiezassalceda.es\/?page_id=3#breadcrumb","itemListElement":[{"@type":"ListItem","position":1,"name":"Portada","item":"https:\/\/limpiezassalceda.es\/"},{"@type":"ListItem","position":2,"name":"Pol\u00edtica de privacidad"}]},{"@type":"WebSite","@id":"https:\/\/limpiezassalceda.es\/#website","url":"https:\/\/limpiezassalceda.es\/","name":"LIMPIEZAS SALCEDA","description":"","publisher":{"@id":"https:\/\/limpiezassalceda.es\/#organization"},"potentialAction":[{"@type":"SearchAction","target":{"@type":"EntryPoint","urlTemplate":"https:\/\/limpiezassalceda.es\/?s={search_term_string}"},"query-input":{"@type":"PropertyValueSpecification","valueRequired":true,"valueName":"search_term_string"}}],"inLanguage":"es"},{"@type":"Organization","@id":"https:\/\/limpiezassalceda.es\/#organization","name":"LIMPIEZAS SALCEDA","url":"https:\/\/limpiezassalceda.es\/","logo":{"@type":"ImageObject","inLanguage":"es","@id":"https:\/\/limpiezassalceda.es\/#\/schema\/logo\/image\/","url":"https:\/\/limpiezassalceda.es\/wp-content\/uploads\/2024\/02\/Logo.png","contentUrl":"https:\/\/limpiezassalceda.es\/wp-content\/uploads\/2024\/02\/Logo.png","width":650,"height":240,"caption":"LIMPIEZAS SALCEDA"},"image":{"@id":"https:\/\/limpiezassalceda.es\/#\/schema\/logo\/image\/"}}]}},"_links":{"self":[{"href":"https:\/\/limpiezassalceda.es\/index.php?rest_route=\/wp\/v2\/pages\/3","targetHints":{"allow":["GET"]}}],"collection":[{"href":"https:\/\/limpiezassalceda.es\/index.php?rest_route=\/wp\/v2\/pages"}],"about":[{"href":"https:\/\/limpiezassalceda.es\/index.php?rest_route=\/wp\/v2\/types\/page"}],"author":[{"embeddable":true,"href":"https:\/\/limpiezassalceda.es\/index.php?rest_route=\/wp\/v2\/users\/1"}],"replies":[{"embeddable":true,"href":"https:\/\/limpiezassalceda.es\/index.php?rest_route=%2Fwp%2Fv2%2Fcomments&post=3"}],"version-history":[{"count":2,"href":"https:\/\/limpiezassalceda.es\/index.php?rest_route=\/wp\/v2\/pages\/3\/revisions"}],"predecessor-version":[{"id":77,"href":"https:\/\/limpiezassalceda.es\/index.php?rest_route=\/wp\/v2\/pages\/3\/revisions\/77"}],"wp:attachment":[{"href":"https:\/\/limpiezassalceda.es\/index.php?rest_route=%2Fwp%2Fv2%2Fmedia&parent=3"}],"curies":[{"name":"wp","href":"https:\/\/api.w.org\/{rel}","templated":true}]}}